ime factors of z.
2, 3
Let b(h) = 8*h + 68. List the prime factors of b(-8).
2
Let y = -16 - -19. Suppose 0 = -y*o + 46 + 50. Suppose -r + 29 = 3*f, -3*r + 2*f + 66 + o = 0. What are the prime factors of r?
2
Let g(o) be the third derivative of o**4/8 + 2*o**3/3 - 6*o**2. Let q be g(-6). Let z = q + 19. List the prime factors of z.
5
Let i be 26 + 3 + (-2 - 5). Let l = i - 22. Suppose l = -3*q, 2*q + 144 = 4*c - 64. What are the prime factors of c?
2, 13
Let b be 5*(-1)/((-20)/(-24)). List the prime factors of 20 + (b + 4)*1/(-2).
3, 7
Let c be -3 + (-1)/(4 + -3). Let p(m) = -m**3 - 1. Let s(l) = -4*l**3 - 5*l**2 + 4*l + 1. Let h(a) = -2*p(a) + s(a). What are the prime factors of h(c)?
5, 7
Let p(c) = 11*c + 48. What are the prime factors of p(17)?
5, 47
Let z = -8 + 25. Suppose -8 = -5*i + z. Suppose 0 = i*p + 3*m - 3, 2*m + 22 = 2*p - 2*m. List the prime factors of p.
3
Let p(c) = -c**3 + 3*c**2 - 3*c + 5. Let t be p(2). Suppose 5*b + 5*y - 198 = 152, -2*b = -t*y - 155. List the prime factors of b.
73
What are the prime factors of ((-5088)/(-56))/(9/189)?
2, 3, 53
Suppose -2*n = -2*f - 126, 114 = -2*f - 4*n - 6. Let z = -33 - f. What are the prime factors of z?
29
Let x(f) = f**2 + 7*f - 25. Let u be x(-12). Let q = 65 + u. List the prime factors of q.
2, 5
Suppose 0 = 4*k + 1796 + 56. Let o = k + 663. Suppose 0*m + o = 5*m. List the prime factors of m.
2, 5
Suppose 0 = 5*v - 9*v + 496. Let t = v + -43. List the prime factors of t.
3
What are the prime factors of 76/(-76) + 1902/(-4)*-2?
2, 5, 19
Suppose 20 = -4*m - m. Let h(k) = -4*k**3 - 5*k**2 - 6*k - 3. Let d be h(m). Suppose -5*r - 125 = -3*s, 5*r = -5*s + 2*r + d. What are the prime factors of s?
2, 5
Let f = 7 - 3. Suppose 2*a = -3*y + 14, -f*y + 5 = -5*a - 6. Suppose -y*n + 93 = -n. List the prime factors of n.
31
Let w(z) = 4*z**2 + 25*z + 3. Let v be w(-10). Let g = v - 68. What are the prime factors of g?
5, 17
Suppose -y + 2*y - 5 = 2*f, 15 = 3*y - f. Suppose y*i - 185 = 3*i + 5*a, -3*i + 2*a = -250. What are the prime factors of i?
2, 5
List the prime factors of 2/(-17) - ((-155505)/51 - 7).
2, 191
Let v(w) = -3*w**2 + 58*w - 1. What are the prime factors of v(11)?
2, 137
Suppose 4770 = -11*p - 741. Let y = p - -740. What are the prime factors of y?
239
Suppose -730 = -2*m - x + 626, 3*m - 2*x - 2034 = 0. List the prime factors of m.
2, 3, 113
Suppose -21*q + 17576 = 5*k - 23*q, 0 = k - q - 3514. What are the prime factors of k?
2, 3, 293
Let o = -155 + 374. What are the prime factors of o?
3, 73
Let f(j) = 13 - 38 - j**2 + 23*j**2 - 14*j - j**3. List the prime factors of f(21).
2, 61
Let r(d) = 183*d**3 + 2*d**2 - 5*d + 1. List the prime factors of r(2).
7, 11, 19
Let m(y) be the second derivative of 1/2*y**2 + 1/10*y**5 + 1/2*y**3 - 2*y + 0 - 1/3*y**4. List the prime factors of m(3).
2, 7
Suppose 3*o + 0*u = -u - 36, 0 = 4*u. Let h = o + 21. Suppose -h - 41 = -5*x. What are the prime factors of x?
2, 5
Let u = -1504 + 2353. What are the prime factors of u?
3, 283
Suppose 45 = -q - 8*q. What are the prime factors of (-1636)/(-24) - q/(-30)?
2, 17
Let h = 1900 - -579. List the prime factors of h.
37, 67
Let u(w) = 197*w + 189. List the prime factors of u(9).
2, 3, 109
Suppose 3*q = -2*d + 8*q - 7, 2*q - 6 = 0. Let r be (122/(-6))/(2/(-6)). Suppose -4*m - 188 = -4*c, -63 = -2*c - d*m + r. List the prime factors of c.
2, 13
Suppose 3*x = 912 - 2178. Let d be (-5)/25 - x/10. Suppose d = 2*m + 10. What are the prime factors of m?
2
Let f = -3634 + 7973. What are the prime factors of f?
4339
Let h = -9 - -12. Suppose -57 = -3*v + h. List the prime factors of v/(16/4 + -2).
2, 5
Let w be (2/(-6) - 5/(-15)) + 96. Let n = w + 177. List the prime factors of n.
3, 7, 13
Let y(h) = 1 + 1 + 4 - 2*h. Suppose -34*c + 30 = -39*c. What are the prime factors of y(c)?
2, 3
Suppose 0 = -306*r + 348*r - 210504. What are the prime factors of r?
2, 7, 179
Let q = 23 - 19. List the prime factors of (q - -71) + 3*-1.
2, 3
Suppose 4*y = 5*v + 27, 0 = 2*y + y - 2*v - 29. List the prime factors of y.
13
Let a = -16 + 19. Let s be a/(-4)*2*6. Let b = s + 22. List the prime factors of b.
13
Suppose 1 = -2*o + 3. Let i(l) = -110 + 110 + 38*l. List the prime factors of i(o).
2, 19
Let w = 406 + -24. List the prime factors of w.
2, 191
Let k be 5/(-25) - 18/(-15). Let q be (141/(-6))/k*-2. Suppose -4*u + 235 = q. What are the prime factors of u?
47
List the prime factors of (-753984)/(-196) + 1/7.
3847
Suppose -6 = -4*c + 18. Suppose -5*g + c*g - 29 = 0. Suppose 4*d + g = k - 2, 4*d = 3*k - 85. List the prime factors of k.
3
Suppose -3*i - 51578 = -37*i. List the prime factors of i.
37, 41
List the prime factors of 21510/117 - (84/(-39) - -2).
2, 23
Let o(x) = 3 + 6 - 19*x - x**2 + 2. What are the prime factors of o(-16)?
59
Suppose -3*x = -a + 3, -5*x - 9 + 3 = -2*a. Suppose 3*g - a*h - 693 = -7*h, -3*h - 899 = -4*g. What are the prime factors of g?
227
Suppose -79 = 5*t + 286. Let m = t - -173. What are the prime factors of m?
2, 5
Suppose -12 + 4 = -4*v. What are the prime factors of 237/v*(-9)/((-81)/12)?
2, 79
Let q(t) = -46*t + 203. What are the prime factors of q(-21)?
7, 167
Let v(g) = -g. Let u(t) = t**3 - 8*t**2 + t - 2. Let a be 2/3 - (-56)/(-12). Let j(n) = a*v(n) + u(n). What are the prime factors of j(8)?
2, 19
Suppose g - 61 = 3*k + 38, k + 23 = -3*g. What are the prime factors of (-357)/(-28)*k/(-6)?
2, 17
Let u(r) = 6 - 1 + 7*r + 5 + r**2 + 2*r. Let x be u(-8). What are the prime factors of 2 - (-3)/x*12?
2, 5
What are the prime factors of 33/44*(-248)/(-2)?
3, 31
Let u(y) = y**3 - y**2 + 2*y + 2329. What are the prime factors of u(0)?
17, 137
Let d be 6 + (-16)/(2 - -2). Let g = -1 - -6. Suppose -d*z - f = -39, -2*z + f = g*f - 42. What are the prime factors of z?
19
Let f = -84 + 84. Suppose f = 17*m - 19*m + 308. List the prime factors of m.
2, 7, 11
Let p(h) = 2*h - 5. Let i be p(5). Let o = i + 12. Suppose v - o - 30 = 0. List the prime factors of v.
47
Let z = 57 + 456. List the prime factors of z.
3, 19
Let a(p) = -p**3 - p**2 - 2*p + 1654. What are the prime factors of a(0)?
2, 827
Let d(u) = -u. Let b(k) = k + 4. Let z(w) = -b(w) - 2*d(w). Let h be z(7). Suppose 2*n - 82 = 3*x, n - 4*x + h*x - 41 = 0. What are the prime factors of n?
41
Suppose q + 32 = 3*q. Suppose 0 = -2*l + 6*l - q. Let u(c) = 16*c + 6. What are the prime factors of u(l)?
2, 5, 7
Suppose 2*f - 40 = -0*i + 2*i, 0 = -4*i - 4*f - 104. Suppose 71 + 141 = 4*z. Let b = z + i. What are the prime factors of b?
2, 3, 5
Let n(p) = -3*p**3 - 19*p**2 - 3*p + 9. Let s(t) = 4*t**3 + 28*t**2 + 5*t - 13. Let i(u) = 7*n(u) + 5*s(u). List the prime factors of i(6).
2, 29
Suppose 3*y - 97 = 5*q, 3*q + 43 - 8 = y. Let f(h) = 21*h - 121. Let x be f(5). Let k = x + y. What are the prime factors of k?
13
Let v = -425 - -854. What are the prime factors of v?
3, 11, 13
Suppose -j - 13 = 3*d, -4*d - 5*j + 4 = 3. Let z = 40 + d. Let u = 47 - z. What are the prime factors of u?
13
Let r = -157 + 157. Suppose 4*d - m - 874 = r, 216 = 2*d + 2*m - 216. List the prime factors of d.
2, 109
Let f(r) = r**3 + 8*r**2 - 10*r + 7. Let d be f(-9). Suppose -3*z + p - 19 = 0, -4*z - 4*p - p = 57. Let i = z + d. What are the prime factors of i?
2
Let b(h) = -h**3 - 11*h**2 + 15*h - 37. What are the prime factors of b(-15)?
2, 11, 29
Suppose -3*l + 2*u = 1626 - 14158, -2*u = 5*l - 20860. List the prime factors of l.
2, 2087
Let l = 285 - 65. Suppose -l = 7*c - 3*c. What are the prime factors of ((-32)/20)/(2/c)?
2, 11
Let m(w) = -w**3 + 12*w**2 - 2*w + 7. Let s be m(11). List the prime factors of s - (-1)/((-5)/(-20)).
2, 5, 11
Let x(t) = 4*t - 2. Let r be x(1). Suppose v - 29 = -r*v - 4*n, 32 = 3*v + n. Let z(k) = -k**2 + 13*k + 4. What are the prime factors of z(v)?
2, 13
Let u(n) = 139*n + 93. List the prime factors of u(8).
5, 241
Let b(c) = -c**3 + 4*c**2 + 2*c - 3. Let t be b(4). Suppose 100 = -0*y + t*y. Suppose -2*i = -u - 13 - y, 20 = 4*u. What are the prime factors of i?
19
Suppose -4*u + 5236 = 2*r, -4*r - 4*u + 3*u + 10507 = 0. What are the prime factors of r?
2, 3, 73
Let l(d) = -d**3 - 10*d**2 + 16*d - 7. Let c be l(-19). List the prime factors of (-2)/9 - c/(-18).
163
Suppose 0 = 6*t - t - 200. Suppose -5*y = -0*y + t. List the prime fac